omposite?
True
Suppose -30*u + 11001047 + 34373143 = 0. Is u a prime number?
False
Let a = 55 - 50. Let j = -5 + a. Is 294 + 0 + j + 0 + -1 a prime number?
True
Let j be 20/5 - (-35996)/(1 - -1). Suppose -5687 + j = 15*f. Is f composite?
False
Suppose 5*o + 2*s = 33, 5*o - 2*s = s + 38. Suppose 2 = z - o. Is ((-3)/z)/(3/(-2853)) a prime number?
True
Let q = -746186 + 1433371. Is q a prime number?
False
Let j be (27 - -277) + 1*5. Let g(w) = -9 - 7 + 21 - j*w. Is g(-1) composite?
True
Suppose 3*a - j = 4*a, 2*a + 12 = 2*j. Let u be 3*a/9 + 5. Suppose 2*c - 894 = -3*r, -u*c = 5*r + 813 - 2303. Is r composite?
True
Suppose -28*r + 1650752 = 17*r + 19*r. Is r a prime number?
True
Let s be -14*(0 - (-3)/(-6)). Suppose s*m - 7 = -7. Suppose m = 3*r - r - 1906. Is r a composite number?
False
Let h(d) = -224*d + 6. Let a be h(2). Let s(i) = 2080*i**2 + 1. Let j be s(1). Let m = a + j. Is m prime?
False
Suppose -15*g = -48*g + 121902. Is g a prime number?
False
Let o(m) = 116*m**2 + 7*m + 32. Let q(k) = k**2 + 13*k + 36. Let u be q(-11). Suppose 56 = -14*i - u. Is o(i) a composite number?
False
Let h(q) = q**2 - 8*q + 15. Let t be h(6). Suppose -g + 4*n = -2593, -t*g - 8*n + 7843 = -4*n. Is g a composite number?
False
Let a(d) = 79*d - 1. Let l be a(-6). Let r = 226 - l. Is r a composite number?
False
Suppose 5*s - p - 15843 = 0, -5*s + 7323 = p - 8524. Suppose 5*w + 0*w = c + 3172, 5*w - 2*c - s = 0. Is w a composite number?
True
Suppose 1239045 = 90*g - 10732125. Is g a prime number?
True
Is -4 + (-2 - (-1678)/(-10))*(-3165 - 170) a composite number?
True
Let f be (624/(-10))/((-2)/(-20)). Suppose -839*g = -833*g - 6042. Let n = f + g. Is n a prime number?
True
Let k = -182192 + 417085. Is k a prime number?
True
Let s = 256 - 254. Is 7321/(-1*(5 + (-4 - s))) a prime number?
True
Let h(p) = -p**3 + 9*p**2 - 2*p + 24. Let f be h(9). Let q(z) = 129*z**2 + 17*z - 125. Is q(f) a composite number?
False
Is 18/603 + 589748328/4824 a composite number?
True
Let p be ((-2)/((-12)/1174))/(10/(-180)). Let n = 647 - p. Is n a prime number?
False
Suppose -3*b + 4*b = 1427. Suppose -5*t = -2*r + 581, -2*r + 4*t = 3*r - b. Let y = 36 + r. Is y composite?
True
Let b = -4175 + 2888. Let a = b + 2242. Is a a composite number?
True
Suppose 0 = -2*d - s + 19, 3*s = 6*d - 0*s - 87. Let l = 3 + 1. Is d/(-48) + 1193/l prime?
False
Let j(p) = 21*p + 7. Suppose h = 3*n - 20, 2*n + 0*h = 3*h + 18. Suppose 22 + 2 = n*v. Is j(v) a composite number?
True
Suppose 0 = 14*w - 15*w - 6, 4*m = 4*w + 18678940. Is m a prime number?
True
Let u = 3142 + -1521. Suppose 0 = -3*p + 5 + 1. Is 1*u*(3 - p) a prime number?
True
Let a = 12021 - 6485. Suppose 6844 = 4*p - a. Is p composite?
True
Suppose -90*p + 118*p = 39396. Suppose 0*m = -l + 2*m + p, 5*l - 7015 = 5*m. Is l prime?
True
Let x(q) be the second derivative of 377*q**4/2 - q**2/2 - q. Let m be x(-1). Suppose 0 = 4*z - 1967 - m. Is z prime?
False
Is ((-3293910)/(-9))/((4 - 3) + 1) composite?
True
Let x = 44406 - 25969. Is x prime?
False
Is 1 - 1/2 - (9 - (-2137455)/(-18)) a composite number?
False
Let a(b) = 11*b**3 - 60*b**2 + 5*b - 69. Is a(11) a prime number?
False
Let p(l) = 4106*l**3 + 9*l**2 + 11*l - 153. Is p(4) prime?
True
Is 7694/(-5)*(303/(-6) - 22) a composite number?
True
Is ((-10)/5)/((4/(-10))/(132643993/365)) composite?
False
Let u(m) be the third derivative of 50*m**4/3 - m**3/2 + 9*m**2. Let a be u(1). Let f = a + -198. Is f composite?
False
Let p be (1 + -5*13)/((-19)/38). Suppose -p*u = -115*u - 13793. Is u a prime number?
True
Let b(z) = -14*z + 45. Let m be b(3). Suppose x - 21 = m*s - 138, 2*s - 4*x = 78. Is s composite?
True
Let s = 41 - 25. Let i be s/6*(-315)/(-28). Suppose 3820 = -26*f + i*f. Is f a prime number?
False
Suppose -2*f = 113 - 11727. Suppose 34097 = 3*k + 5*t, 2*k - 34093 = -k - 4*t. Suppose -k = -6*y + f. Is y prime?
True
Let h be (-4)/(-30) + (-328)/(-15). Let b(w) = 3*w - 62. Let q be b(h). Suppose -g = q*g - 4595. Is g prime?
True
Suppose 2*q - 192076 = -2*p + 193284, -2*q = p - 192683. Is p composite?
False
Let c(p) = -p**2 - 7*p + 23. Let v be c(-9). Suppose -v*q = -2263 + 88. Suppose -q = -d - 94. Is d a prime number?
False
Let g(i) = -i**3 - 55*i**2 - 38*i + 89. Is g(-61) composite?
False
Let a(d) = -427*d**3 - 5*d**2 - 2*d - 4. Let t be a(4). Let b = 51161 + t. Is b a composite number?
False
Let k(a) = 4*a**3 - 12*a**2 - 17*a + 6. Let h(o) = -3*o - 34. Let q be h(-15). Is k(q) composite?
False
Let t(q) = q**3 + 7*q**2 - 17*q + 14. Let m be t(-9). Suppose m*g - a - 154 = 0, 4*g + 0*a - 122 = 2*a. Is g a composite number?
False
Let g(d) = d**3 + 5*d**2 - 13*d + 9. Let b be g(-7). Suppose 2*p - 3256 - 1754 = -4*o, 5*o - 6267 = b*p. Is o prime?
False
Is 539818/6 - (290/30 + -9) a prime number?
False
Let i = 43 + -44. Let q(w) = w**3 - w**2 + w - 91. Let o(j) = -j**3 - j. Let u(t) = i*q(t) - 2*o(t). Is u(0) prime?
False
Let c(r) = 3025*r**2 - 631*r + 27. Is c(11) prime?
True
Let q = -89 - -86. Let l be (-1354)/((q - -6)/((-27)/2)). Let v = l - 4340. Is v a composite number?
False
Let j(t) = -32*t - 16. Let w be j(-5). Let r = -328 + w. Let p = r - -435. Is p a composite number?
False
Is ((-1)/(-4))/((-86)/344) - -91158 prime?
False
Suppose o = -2*v + 13, -3*o + 8 = -3*v - 31. Suppose -16316 = 9*a - o*a. Is a a composite number?
False
Suppose 150*q + 7153 = 300*q - 149*q. Is q a prime number?
False
Suppose -42 = -18*u - 3*u. Suppose -2*x - 2*y = -15276, -u*x - 2*y = y - 15275. Is x a prime number?
True
Suppose -6*o - 5906 = 2*q - o, -o = -4. Let c = 5422 + q. Is c a prime number?
True
Let d = 0 + 9. Suppose -d*w = -15189 - 2568. Let l = w - 1306. Is l a composite number?
True
Is (-17337)/12*(-5)/((-20)/(-16)) a composite number?
False
Let a be -3 - (-4 + (6 - 2) - 2). Is (a/(-1))/((-6)/(-198282)) a composite number?
True
Let o = 58589 - 31602. Is o a composite number?
False
Let h(c) = 732*c - 13. Suppose 3*b - 4*o - 5 = -6*o, o = -4*b + 15. Is h(b) prime?
False
Suppose 17*h - 437894 = 34553. Is h a prime number?
True
Is (-2 - -8821)/(-10 - (-255)/25) composite?
True
Let q = -19174 + 75650. Let a = q + -24123. Is a a composite number?
False
Suppose 53*w + 1953741 = 8951548 + 6302914. Is w composite?
True
Suppose -49*k - 6 = -46*k. Is (6 + 1256)/(k/(-1)) a composite number?
False
Suppose 7*q - 5*q = 14. Is q/((-56)/43048)*-1 a prime number?
True
Let i(n) = -24704*n + 21. Is i(-2) a composite number?
False
Let c(d) = d - 3. Let u be c(4). Suppose -5*i = -3*x - 10, x + u + 1 = i. Suppose 4 = 2*h, 2*h = -i*n + 4*h + 2118. Is n a composite number?
False
Suppose -3*j + 2*j = 1130. Let g be 0 - j - (11 - 8). Suppose 4*k + 3*c = 880, 2*k = 7*k - 3*c - g. Is k a composite number?
False
Suppose -5*j + 1153 = -4*n + 13464, -4*n = -4*j - 12312. Suppose 2*l - 5*h = n + 9174, -l + 2*h + 6129 = 0. Suppose -6*t = t - l. Is t a composite number?
False
Is (1 - (-26060)/6)/((-360)/(-3240)) a composite number?
True
Let p = 2088 - -757. Let a = -1678 + p. Is a prime?
False
Let l(d) = 28*d**2 + 8*d + 31. Let i be l(-9). Let a = -1389 + i. Suppose 3*c = 5*c - a. Is c a prime number?
True
Let f(g) = 178*g**2 + g + 2. Let r be f(-3). Let v = 2366 + r. Is v a composite number?
False
Let l = -77 + 79. Suppose 4319 = s - 9*y + 7*y, 0 = 2*s - l*y - 8640. Is s a composite number?
True
Suppose -4*w - 1122 - 357 = -3*z, 0 = z - w - 492. Suppose p = 2*m - z - 2200, 4*m + 5*p = 5413. Is m prime?
False
Suppose 1638024 = 2*l - i, -1683844 - 773185 = -3*l - 2*i. Is l a prime number?
False
Let j(l) = -2*l**3 - 26*l**2 - 3*l + 521. Is j(-22) prime?
False
Let k(u) = -374*u + 321. Is k(-7) a composite number?
False
Suppose 0 = -14*m + 3106820 + 6124626. Is m composite?
True
Let m be (-2 - 388)*30/(-25). Let g be 0 - (261 - 2/1). Let q = g + m. Is q a composite number?
True
Let a = 2015 + -4007. Let s = -1031 - a. Suppose 714 = 5*i - s. Is i composite?
True
Let h(a) = -169*a**2 + 4*a - 15. Let s be h(-3). Is (-3 - s) + (-10)/5 a prime number?
True
Let z(u) = -7*u - 81. Let x be z(-12). Is x + (2/6 - (-38650)/6) a prime number?
False
Is 1562520/27 + -5*(-7)/(-315) a prime number?
False
Suppose 4*h = -35 + 3. Let q(z) be the third derivative of -5*z**4/12 - z**3 + 2806*z**2. Is q(h) a composite number?
True
Suppose 529*k + 45864368 